v) = -3*v - 3. Calculate the remainder when (-2)/12 + (-55)/(-6) is divided by i(-3).
3
Let m(q) = -3*q**3 - 2*q**2 + 1. Let a be m(-1). Let s be ((1 + -15)/a)/(-1). Calculate the remainder when 4 is divided by 0 + 3 + -7 + s.
1
Calculate the remainder when 6*((-8)/3)/(-2) is divided by 4/6*(-9)/(-2).
2
Let k(w) = w**3 + w**2 + w + 11. What is the remainder when (0 - -34) + (-2)/1 is divided by k(0)?
10
Suppose 5*o - 16 = o + 2*s, o - 5*s = -5. Suppose -2*m = -5*d + o, m + 4*d - 40 = -m. Calculate the remainder when m is divided by 4.
2
Let y = 71 - 46. What is the remainder when 49 is divided by y?
24
What is the remainder when ((-71)/4)/(3/(-12)) is divided by 15?
11
Let w(g) = g**2 + 5*g - 7. Calculate the remainder when 114 is divided by w(-9).
27
Suppose 6*w - 3*w = 5*s + 190, -s + 3*w = 26. Let b = -50 + -22. Let j = s - b. Calculate the remainder when j is divided by 11.
9
Let n = -2 - 0. What is the remainder when (-4)/3*66/(-4) is divided by 4*n/12*-12?
6
Suppose 3*d - 2 - 5 = 2*v, 3*v = d + 7. Let n = -1 + 3. Calculate the remainder when d is divided by n.
1
Let k = 103 - 53. Let y(p) = -p - p**2 - 3*p**2 - 1 - 2*p**3 - 3. What is the remainder when k is divided by y(-3)?
16
Let p(i) = -3 - 2*i + 7 + 5*i**2 - 5*i - 4*i**2. Calculate the remainder when p(9) is divided by 12.
10
Suppose -d - 3*d = -12. Let p(a) = a. Calculate the remainder when p(d) is divided by 2.
1
Suppose -2*u + 7*u - 60 = 0. Let p(f) = 205*f**2 - 3*f + 2. Let q be p(1). Suppose -5*c = 39 - q. Calculate the remainder when c is divided by u.
9
Let l(h) = 2*h - 2. Let x be l(6). Suppose -3*v + 2*o = o - 28, 0 = 2*o - x. Calculate the remainder when 32 is divided by v.
10
Let y = -6 - 13. Let t = y - -24. Calculate the remainder when 12 is divided by t.
2
Let z = 4 + -2. Let y(j) = 52*j - 2. Let q be y(z). Suppose -4*f = -k - q, -5*f + 0*k = -2*k - 129. What is the remainder when f is divided by 13?
12
Suppose 5*k - k - 48 = 0. Calculate the remainder when k is divided by 5.
2
Let n(g) = 7*g + 5. Let j(f) = -14*f - 9. Let c = 13 + -24. Let r(y) = c*n(y) - 6*j(y). Calculate the remainder when r(3) is divided by 7.
6
Let t(a) = -11*a**3 + 4*a**2 + 3*a - 1. Calculate the remainder when 29 is divided by t(-1).
7
Let w be ((2 - 1) + 0)*2. Suppose -4*x + 4*h + 68 = 0, 2*h = -w*x - 0*x + 38. What is the remainder when x is divided by 10?
8
Calculate the remainder when -1 + 16 - (16 - 15) is divided by 3.
2
Calculate the remainder when ((-47)/1)/((-1)/1) is divided by 10.
7
Let s = -51 + 75. What is the remainder when s is divided by 14?
10
Suppose -o + 15 = 4*b, 3 + 0 = b + o. Suppose 4*s - 57 = -b*w - 13, 0 = 3*w - 4*s - 19. Calculate the remainder when w is divided by 4.
1
Let u = 2 + -6. Let v = u - -44. Calculate the remainder when v is divided by 21.
19
Calculate the remainder when 68/6 - -1*2/(-6) is divided by (4/(-5))/(1/(-5)).
3
Suppose 5*w + 0*x = 3*x + 140, -3*w = 5*x - 84. Calculate the remainder when (w/10)/(2/10) is divided by 8.
6
Let p(u) = 2*u + 4. Let y be p(6). Suppose 0 = -3*d - 12, -5*z - 4*d = -y - 8. Calculate the remainder when 14 is divided by z.
6
Suppose -7*u - 24 = -4*u. Let w = u + 23. Calculate the remainder when 58 is divided by w.
13
Let m = 8 + -4. Let b = m - -1. Let r = 0 + b. What is the remainder when 14 is divided by r?
4
Suppose -5*f + q = -279, -5*f + 0*q + 2*q = -278. Calculate the remainder when f is divided by 12.
8
Suppose 4*m + 21 = w, -5*w - 5*m - 5 = -2*w. Let y = 19 - 11. Calculate the remainder when y is divided by w.
3
Suppose 0 = -0*t + 6*t - 240. What is the remainder when t is divided by 14?
12
Let p be (12/10)/((-2)/(-40)). Let z = -13 + p. What is the remainder when 31 + 1 + 2 + -2 is divided by z?
10
Suppose -84 = o - 4*o. Calculate the remainder when o is divided by 5.
3
Suppose 4*r + 5*u = 52, 19 - 79 = -5*r - 5*u. Suppose 5*q - 39 - 21 = 0. Calculate the remainder when (-1)/(4/q) + 17 is divided by r.
6
Let t(w) = 3*w**3 + w**2 + w + 2. Suppose 4 = 2*v - 0. Suppose -4*r + 58 = 2*f, f - 32 - 14 = -3*r. Calculate the remainder when t(v) is divided by r.
15
Suppose 0*h = -h + 65. What is the remainder when h is divided by 11?
10
Let z(b) = -b + 4. Let m be z(10). What is the remainder when 75*((-14)/m - 2) is divided by 13?
12
Let w = 55 + -40. Calculate the remainder when w is divided by 6.
3
Calculate the remainder when 23 is divided by -2*1 + 15/4*4.
10
Let r be 2/(-9) - 389/(-9). Suppose 3*x - 14 = r. Calculate the remainder when 74 is divided by x.
17
Let y = 3 - 5. What is the remainder when 7 is divided by y + 1 + 7 + -4?
1
Let t(d) be the first derivative of 7*d**3/6 + 2*d - 2. Let l(b) be the first derivative of t(b). What is the remainder when l(5) is divided by 12?
11
Suppose 2*d - 4*v = 32, 0 = -3*d - v + 49 + 20. What is the remainder when 76 is divided by d?
10
Let q = -4 + 25. What is the remainder when 102 is divided by q?
18
Let l be -1*(2 + -3 + 2). Calculate the remainder when 29 is divided by (-15)/(1/(-2) + l).
9
Let b = 71 + -29. Calculate the remainder when b is divided by 12.
6
Let y = -44 + 70. Calculate the remainder when y is divided by 14.
12
Let g = 60 - 22. What is the remainder when g is divided by 13?
12
Let i be 3 + -5 + 0 + 37. Suppose -2*o + y + 11 = 0, -3*o + 8*o - i = 4*y. Calculate the remainder when 8 is divided by o.
2
Suppose r - 27 - 16 = 0. Calculate the remainder when r is divided by 16.
11
What is the remainder when -33*(0 + 26/(-6)) is divided by 29?
27
Let k(d) = d**2 + 11*d - 2. Let y be k(-7). Let f = y + 49. Suppose 2*h - f = 7. Calculate the remainder when h is divided by 5.
3
Let h(o) be the second derivative of -13*o**5/60 + o**3/6 + 2*o. Let x(p) be the second derivative of h(p). What is the remainder when x(-1) is divided by 14?
12
Let d(o) = 32*o - 47. Let c(j) = -11*j + 16. Let n(s) = 11*c(s) + 4*d(s). What is the remainder when n(10) is divided by 15?
13
Let u = -24 - -36. Let g be 1*-2 - (5 - 7). Suppose 0 = -g*d - 3*d + 5*k + 43, -5*k = -20. Calculate the remainder when d is divided by u.
9
Let c = -21 - -62. What is the remainder when c is divided by 14?
13
Let w = -15 + 27. Suppose -w - 63 = -5*j. Calculate the remainder when j is divided by 9.
6
Suppose 0 = x + 2*x. Suppose 0 = -2*g + l + 59, -2*g + 4*l - l + 69 = x. What is the remainder when g is divided by 10?
7
Suppose 0*x - x = -18. Calculate the remainder when x is divided by 12.
6
What is the remainder when (6 + -12)*(-5)/3 is divided by 5?
0
Let r = 67 - 23. Let w(m) = -m + 6. Let l be w(4). Calculate the remainder when r is divided by l + 26/(-4)*-2.
14
Let x(p) = 6*p**2 - 1. Let s be x(1). Suppose 3*y - t - 4 = s, 0 = 3*y + 2*t. Calculate the remainder when 4 is divided by 2*(-1)/y + 4.
1
Suppose -24 = 4*c + 3*n + 71, 0 = -n - 5. What is the remainder when (-12)/c + 67/5 is divided by ((-1)/(-1) - -3) + 1?
4
Let w(p) = -2*p - 1. Let b be w(6). Let x = b + 21. Calculate the remainder when 14 is divided by x.
6
Suppose 56 = 2*k + 2*k. Let z be (5/15)/(1/3). Let b(u) = 28*u - 1. What is the remainder when b(z) is divided by k?
13
What is the remainder when 6 is divided by -3 + -5*((-3)/(-1))/(-3)?
0
Let f(w) be the third derivative of -w**6/120 - 3*w**5/20 - 3*w**4/8 - 2*w**3/3 + 4*w**2. Calculate the remainder when 15 is divided by f(-8).
3
Suppose -11 = 3*i - 2*j, -i + 6*i = 3*j - 18. What is the remainder when 17/(1 + -3 - i) is divided by 10?
7
Suppose c - 120 = 3*q, 0*c = 3*c - 3*q - 354. Suppose 3*t = -3*o + 99 - 30, 0 = -4*t + o + c. Calculate the remainder when t is divided by 10.
8
Let q(y) = y**3 + 6*y**2 + y - 7. Suppose -3*s - 27 = 3*o, -2*s - 6*o = -5*o + 14. Suppose 5*k = -0*k + 185. What is the remainder when k is divided by q(s)?
11
Suppose 3*g = -5*w + w + 95, 5*w + 3*g = 121. Suppose 11 - w = -3*s. Calculate the remainder when 11 is divided by s.
1
Let s(i) = i**2 + 2*i + 1. Let p be s(-3). Suppose 3*u - p = u. What is the remainder when u/(-5) - 889/(-35) is divided by 9?
7
Let z(r) = -r + 18. What is the remainder when z(9) is divided by 4?
1
Let s(q) = q - 2. Let l be s(2). Suppose l = -22*x + 19*x + 165. What is the remainder when x is divided by 14?
13
Let j = 2 + 9. Suppose 4*g - 3*g + k = 17, 0 = 2*k + 8. What is the remainder when (0 - (3 - 1)) + g is divided by j?
8
Let